{"id":47,"date":"2025-03-01T16:43:51","date_gmt":"2025-03-01T16:43:51","guid":{"rendered":"https:\/\/www.charlotteskleinefarm.ch\/?page_id=47"},"modified":"2025-03-30T19:45:44","modified_gmt":"2025-03-30T19:45:44","slug":"pferde","status":"publish","type":"page","link":"https:\/\/www.charlotteskleinefarm.ch\/?page_id=47","title":{"rendered":"Pferde"},"content":{"rendered":"<style type=\"text\/css\"><\/style>\n<p><strong>Vergo (Jahrgang 2005)<\/strong><\/p>\n\n\n\n<figure class=\"wp-block-image size-large is-resized\"><img loading=\"lazy\" decoding=\"async\" width=\"594\" height=\"1024\" src=\"https:\/\/www.charlotteskleinefarm.ch\/wp-content\/uploads\/2025\/01\/Vergo-2-594x1024.jpg\" alt=\"\" class=\"wp-image-93\" style=\"width:414px;height:auto\" srcset=\"https:\/\/www.charlotteskleinefarm.ch\/wp-content\/uploads\/2025\/01\/Vergo-2-594x1024.jpg 594w, https:\/\/www.charlotteskleinefarm.ch\/wp-content\/uploads\/2025\/01\/Vergo-2-174x300.jpg 174w, https:\/\/www.charlotteskleinefarm.ch\/wp-content\/uploads\/2025\/01\/Vergo-2-768x1325.jpg 768w, https:\/\/www.charlotteskleinefarm.ch\/wp-content\/uploads\/2025\/01\/Vergo-2-890x1536.jpg 890w, https:\/\/www.charlotteskleinefarm.ch\/wp-content\/uploads\/2025\/01\/Vergo-2-1187x2048.jpg 1187w, https:\/\/www.charlotteskleinefarm.ch\/wp-content\/uploads\/2025\/01\/Vergo-2-580x1001.jpg 580w, https:\/\/www.charlotteskleinefarm.ch\/wp-content\/uploads\/2025\/01\/Vergo-2-820x1415.jpg 820w, https:\/\/www.charlotteskleinefarm.ch\/wp-content\/uploads\/2025\/01\/Vergo-2-1160x2001.jpg 1160w, https:\/\/www.charlotteskleinefarm.ch\/wp-content\/uploads\/2025\/01\/Vergo-2-scaled.jpg 1484w\" sizes=\"auto, (max-width: 594px) 100vw, 594px\" \/><figcaption class=\"wp-element-caption\">Oplus_0<\/figcaption><\/figure>\n\n\n\n<p>Vergo ist ein Vollbl\u00fcter, wo Rennen gelaufen ist und seine Leistung nicht brachte und daher ausrangiert wurde. Ich habe ihn mit 5-j\u00e4hrig \u00fcbernommen. Ich war damals noch sehr konventionell eingestellt und wollte ihn reiten und stellte ihn in eine Auslaufbox. Schnell merkte ich, dass die Haltung nicht gerecht ist und wechselte daher in einen Offenstall. Heute ist er fast schon Senior und geniesst seinen Abend in einer kleinen Herde. Er ist gesund und fit. Er wird nicht mehr gerieten, wir gehen aber ab und an gerne spazieren.<\/p>\n\n\n\n<p><strong>Arrigo (Jahrgang 2012)<\/strong><\/p>\n\n\n\n<figure class=\"wp-block-image size-large is-resized\"><img loading=\"lazy\" decoding=\"async\" width=\"768\" height=\"1024\" src=\"https:\/\/www.charlotteskleinefarm.ch\/wp-content\/uploads\/2025\/01\/Arrigo-3-768x1024.jpg\" alt=\"\" class=\"wp-image-92\" style=\"width:402px;height:auto\" srcset=\"https:\/\/www.charlotteskleinefarm.ch\/wp-content\/uploads\/2025\/01\/Arrigo-3-768x1024.jpg 768w, https:\/\/www.charlotteskleinefarm.ch\/wp-content\/uploads\/2025\/01\/Arrigo-3-225x300.jpg 225w, https:\/\/www.charlotteskleinefarm.ch\/wp-content\/uploads\/2025\/01\/Arrigo-3-1152x1536.jpg 1152w, https:\/\/www.charlotteskleinefarm.ch\/wp-content\/uploads\/2025\/01\/Arrigo-3-1536x2048.jpg 1536w, https:\/\/www.charlotteskleinefarm.ch\/wp-content\/uploads\/2025\/01\/Arrigo-3-580x773.jpg 580w, https:\/\/www.charlotteskleinefarm.ch\/wp-content\/uploads\/2025\/01\/Arrigo-3-820x1093.jpg 820w, https:\/\/www.charlotteskleinefarm.ch\/wp-content\/uploads\/2025\/01\/Arrigo-3-1160x1547.jpg 1160w, https:\/\/www.charlotteskleinefarm.ch\/wp-content\/uploads\/2025\/01\/Arrigo-3-scaled.jpg 1920w\" sizes=\"auto, (max-width: 768px) 100vw, 768px\" \/><\/figure>\n\n\n\n<p>Arrigo ist ein Freiberger. Freiberger ist die Schweizer Pferderasse. Daher werden diese Pferde gerne gez\u00fcchtet und daf\u00fcr erh\u00e4lt man einen Beitrag. Leider finden nicht alle Fohlen ein Zuhause und behalten werden die wenigsten der Fohlen. Es kommen viele zum Schlachter. Ich habe damals im 2012 ein Fohlen gekauft, wo anderenfalls zum Metzger gekommen w\u00e4re. Arrigo ist ein bildh\u00fcbscher reiner Freiberger. Er ist kr\u00e4ftig, robust und sehr intelligent. Er ist f\u00fcr jeden Bl\u00f6dsinn zu haben. Er durfte viel von Vergo lernen. Er hat durch ihn seine Sicherheit im Umgang mit anderen Pferden und der Umwelt gelernt.<\/p>\n","protected":false},"excerpt":{"rendered":"<p>Vergo (Jahrgang 2005) Vergo ist ein Vollbl\u00fcter, wo Rennen gelaufen ist und seine Leistung nicht brachte und daher ausrangiert wurde. Ich habe ihn mit 5-j\u00e4hrig \u00fcbernommen. Ich war damals noch&#8230;<\/p>\n","protected":false},"author":1,"featured_media":0,"parent":33,"menu_order":0,"comment_status":"closed","ping_status":"closed","template":"","meta":{"footnotes":""},"class_list":["post-47","page","type-page","status-publish","hentry"],"_links":{"self":[{"href":"https:\/\/www.charlotteskleinefarm.ch\/index.php?rest_route=\/wp\/v2\/pages\/47","targetHints":{"allow":["GET"]}}],"collection":[{"href":"https:\/\/www.charlotteskleinefarm.ch\/index.php?rest_route=\/wp\/v2\/pages"}],"about":[{"href":"https:\/\/www.charlotteskleinefarm.ch\/index.php?rest_route=\/wp\/v2\/types\/page"}],"author":[{"embeddable":true,"href":"https:\/\/www.charlotteskleinefarm.ch\/index.php?rest_route=\/wp\/v2\/users\/1"}],"replies":[{"embeddable":true,"href":"https:\/\/www.charlotteskleinefarm.ch\/index.php?rest_route=%2Fwp%2Fv2%2Fcomments&post=47"}],"version-history":[{"count":3,"href":"https:\/\/www.charlotteskleinefarm.ch\/index.php?rest_route=\/wp\/v2\/pages\/47\/revisions"}],"predecessor-version":[{"id":180,"href":"https:\/\/www.charlotteskleinefarm.ch\/index.php?rest_route=\/wp\/v2\/pages\/47\/revisions\/180"}],"up":[{"embeddable":true,"href":"https:\/\/www.charlotteskleinefarm.ch\/index.php?rest_route=\/wp\/v2\/pages\/33"}],"wp:attachment":[{"href":"https:\/\/www.charlotteskleinefarm.ch\/index.php?rest_route=%2Fwp%2Fv2%2Fmedia&parent=47"}],"curies":[{"name":"wp","href":"https:\/\/api.w.org\/{rel}","templated":true}]}}